 - 14 = -4*z, -8*w = -4*w - 2*z - 6. Suppose 575 = w*c - 0*p + p, -2*c + 2*p = -590. List the prime factors of c.
2, 5, 29
Let u = -33383 - -50257. List the prime factors of u.
2, 11, 13, 59
Let z(k) be the third derivative of k**5/60 - 11*k**4/24 + 5*k**3/2 - 29*k**2. Let y be z(10). What are the prime factors of 1696/10 + (-1)/(y/3)?
13
Suppose 4*f - 56995 = -3*t, 33*f - 36*f - 2*t + 42745 = 0. List the prime factors of f.
5, 7, 11, 37
Let q(h) = -131*h - 92. Let a be q(-6). Suppose l = -2*k + 1403, -k + a = -12*l + 15*l. List the prime factors of k.
19, 37
Let c = -448 - -1921. Suppose 13*a = c + 9265. Suppose y = r - 276, -5*y = -3*r - 0*y + a. What are the prime factors of r?
277
Let g(z) = -z**3 - 45*z**2 - 562*z + 29. List the prime factors of g(-31).
7, 571
Suppose 129523 - 1249078 = -15*h. What are the prime factors of h?
3, 8293
What are the prime factors of ((-25)/(-10))/((-2)/(-3) - (-10566)/(-15864))?
2, 3, 661
Suppose 0 = -4*f + 1026 + 298. Suppose f = -7*y - 929. Let o = y - -253. List the prime factors of o.
73
Let o(x) = 6010*x**2 + x + 19. List the prime factors of o(-2).
3, 11
Let r = -21 + 51. Suppose -r = -5*z - 0*z. List the prime factors of 38/(z*(1 - 2)/(-6)).
2, 19
Let x(u) = -u**3 + 7*u**2 + 3*u - 12. Let h be 2*((-27)/(-6))/(-9). Let p be (h + (-4)/(-6))*(-7 + -5). List the prime factors of x(p).
2, 3
Let g = -3 + 30. Suppose -g + 15 = -3*d. Suppose n - a + d*a = 40, -50 = -3*n + 5*a. What are the prime factors of n?
5
Suppose 0 = -3*y - 5*p - 4, -4*y + 7 = -3*p - 7. Suppose -4 = -5*c + 4*x, 5*x - y*x = 4*c - 4. What are the prime factors of 22 - 0/((-16)/c)?
2, 11
Let b(v) = v**2 - 3*v + 21. Let h be b(-12). Let k = -42 - -45. Suppose -4*q = -5*l - 168, -k*q + h = 2*q - 4*l. What are the prime factors of q?
37
Let n = 64829 + -44003. List the prime factors of n.
2, 3, 13, 89
Suppose -46*y = -3456 + 466. Suppose -5*j - 116 = 2*x, -104 = -0*j + 4*j - 4*x. Let h = y + j. List the prime factors of h.
41
Suppose k = 2*k - 3. Let d = 2955 - 2906. Suppose -k*r + 148 = d. What are the prime factors of r?
3, 11
Suppose -5*o + 4*q = -589, 0 = -3*o + 4*o + 3*q - 114. Suppose p = 4*p - o. Let y = 23 + p. List the prime factors of y.
2, 31
Suppose -3*m = -5*g - 48975, 2*m = 22*g - 20*g + 32642. List the prime factors of m.
5, 13, 251
Suppose -241*a + 242*a - 19903 = -5*j, -59726 = -3*a + 2*j. List the prime factors of a.
2, 3, 7, 79
Suppose 0 = 79*z - 83*z + 24. Let g(d) = -6*d**2 + 2*d - 4. Let a(t) = t**2. Let y(j) = -2*a(j) - g(j). What are the prime factors of y(z)?
2, 17
Suppose -19*i + 32 = -63. Suppose 4*c + 134 = 8*c - 3*v, 4*c - 138 = i*v. What are the prime factors of c?
2
What are the prime factors of ((-1)/(-3) - (-50197)/42)/((-36)/(-168))?
7, 797
List the prime factors of ((-710)/20 + -8)*1668/(-18).
29, 139
Suppose -4*a - m + 1023 = 0, -5*a + 0*a + m + 1272 = 0. Suppose -3*n = -0*n + a. Let b = -28 - n. List the prime factors of b.
3, 19
Let x(o) = 240*o**2 - 32*o + 9. What are the prime factors of x(-5)?
31, 199
What are the prime factors of ((-16)/248 - 100/372)/(3/(-107937))?
67, 179
Suppose 370 = -4*i + v + 5579, 4*v = -4. What are the prime factors of i?
2, 3, 7, 31
Let t = 382 - 210. Suppose 3*i + 1575 = 8*i. Let y = i - t. What are the prime factors of y?
11, 13
Suppose 1435 = 11*u - 4*u. Let c = u + -117. What are the prime factors of c?
2, 11
Suppose -r = r + 4*h + 10, 4*r + 20 = h. Let l be 6 - (-532)/(-95) - 1224/10. List the prime factors of l/5*r/2.
61
Suppose -5352 = 24*a - 32*a. Let s = a - 365. What are the prime factors of s?
2, 19
List the prime factors of (19/57)/((-2)/(-4)) - (-2014340)/60.
3, 19, 31
What are the prime factors of (-6873 - 162/(-9))/(-1)?
3, 5, 457
Suppose 0 = -2*s + 2*k + k + 27, s = 3*k + 18. What are the prime factors of 603*(39/s + 1 + -5)?
3, 67
Let p = 4 - -1. Suppose 2*k = -p*v - 5, 2*v - 2*k + 3*k + 2 = 0. Let c(a) = -70*a**3 - a**2 - 2*a. List the prime factors of c(v).
71
List the prime factors of 5854/(-3)*(7 + -5 + 63/(-18)).
2927
Let l = 459 + -144. Let n = -21 + 60. Suppose -42*m = -n*m - l. List the prime factors of m.
3, 5, 7
Suppose -67*u = -6326912 + 1664449. List the prime factors of u.
13, 53, 101
Let h(u) = -764*u**2 - 2*u + 1. Let m be h(1). Let c = -300 - m. What are the prime factors of c?
3, 5, 31
Suppose 31*j - 56475 = 16*j. Suppose -j - 8267 = -16*r. List the prime factors of r.
2, 47
Suppose -45*u - 12018 = -34*u - 291341. List the prime factors of u.
67, 379
Let w(n) = n**2 - n + 1. Let i(x) = -10*x**2 - 13*x - 59. Let l(u) = -i(u) - w(u). List the prime factors of l(-12).
2, 593
List the prime factors of -11 + 128/12 - 19470/(-9).
3, 7, 103
Let k(i) = -2*i + 23. Let v be k(16). Let p be (v/((-18)/(-340)))/(-4 + 2). Suppose 13 = n - p. What are the prime factors of n?
2, 7
Suppose 12036 = -15*g + 20*g - n, 0 = -g + 3*n + 2424. List the prime factors of g.
2, 3, 401
Let y = -14150 + 24733. List the prime factors of y.
19, 557
Let y(v) = 374*v**2 - 432*v - 2574. List the prime factors of y(-6).
2, 3, 7, 107
Let q be (0 - 2)/((-105)/(-14) - 8). Let v(l) = 10*l**2 + 4*l - 23. List the prime factors of v(q).
3, 17
Suppose 2*s - 2 = 0, s + 16256 = 4*q + 5*s. Suppose 68*o - 73*o - 4*r = -q, -5*o + 4057 = r. What are the prime factors of o?
811
Let z(t) = 1356*t + 1032. What are the prime factors of z(7)?
2, 3, 877
Suppose 39 = 2*v - 3*p + 1, v = -5*p + 32. Suppose 24*j = v*j + 862. What are the prime factors of j?
431
Suppose m = -185 + 281. Suppose 0*p = -p + m. List the prime factors of p.
2, 3
Let s(p) = 34*p - 34. Let n be s(25). Let d = 2022 - n. What are the prime factors of d?
2, 3, 67
Let k = 614 + 69. Let s = k - 387. What are the prime factors of s?
2, 37
Let w = 47 - 23. Let h = 26 - w. Suppose h*o - 119 = 155. What are the prime factors of o?
137
Let u(a) = -a**3 + 2*a**2 - 3*a + 2. Let s be u(0). Suppose -s*i = 3*i. Suppose 5*f - 104 - 101 = i. What are the prime factors of f?
41
Let f be 1062 - 15/(9/(-3)). Let r = f + 35. List the prime factors of r.
2, 19, 29
Suppose -35 - 121 = -4*b + t, 0 = -3*b - 5*t + 94. Suppose 43*p - 1130 = b*p. What are the prime factors of p?
2, 113
What are the prime factors of -6 + 39045/5 + 0?
3, 17
Let a(j) = 109*j - 1. List the prime factors of a(70).
3, 2543
Let a(p) = 34*p**3 - 8*p**2 + 34*p + 17. List the prime factors of a(6).
19, 383
Let a(o) = 3 + 423*o + 1 - 8 - 433*o. Suppose 2*i = -5*k - 26, 5*i + k + 106 = 41. List the prime factors of a(i).
2, 3, 7
Let l(a) = -a + 28. Let t be l(-17). What are the prime factors of 3/(t/(-6)) - (-7068)/20?
353
Let z = -45 + 90. Suppose 5*v - 50 = z. Let l = v + 49. What are the prime factors of l?
2, 17
Let i(y) = y**3 - 17*y**2. Let v be i(17). Suppose -b + 116 = -v*b. Suppose 0 = -w + 3*m + b, 4*w + 276 = 6*w + 5*m. List the prime factors of w.
2
Suppose -46 + 10 = 12*s. Let m be (-4 - s)*(-2)/1. What are the prime factors of (m + -18)*10*-1?
2, 5
Let n = 16096 - 6469. List the prime factors of n.
3, 3209
Let p(o) = -o**3 + 10*o**2 - 8*o - 6. Suppose -81 + 6 = -3*v. Suppose 29 + v = 6*h. What are the prime factors of p(h)?
3
Let n(p) = p**2 - p. Let s(q) = -q**2 + 47*q - 84. Let u(d) = 4*n(d) + s(d). What are the prime factors of u(-20)?
2
Suppose g + m = 2506, 7*g + 2*m = 2*g + 12521. Suppose -2 = -2*o, 3*h = -h + o + g. What are the prime factors of h?
2, 313
Let d = 3384 + 2613. List the prime factors of d.
3, 1999
Let a(z) = 16933*z**2 - 90*z + 90. List the prime factors of a(1).
7, 41, 59
Let z = 412 - -412. Suppose 0 = 6*v - 1678 - z. What are the prime factors of v/(4 - 1) + -3?
2, 17
Let p = -47 + 46. Let z be 10 + (-2 - (2 + p)). What are the prime factors of 1192/z - (-6)/(-21)?
2, 5, 17
Let r(y) = 8*y**2 - 78*y + 1204. What are the prime factors of r(34)?
2, 3, 5, 13
Let l(j) = -23*j**2 + 1. Let o be l(-1). Let w = 22 + o. Suppose 23*b - 28*b + 495 = w. List the prime factors of b.
3, 11
Suppose -5*m - 2*k = 2*k - 45, -4*m + 36 = 4*k. Suppose 340 = -m*p + 1213. Suppose -c - 519 = -5*l, 2*l - 5*c - 106 - p = 0. What are the prime factors of l?
2, 13
List the prime factors of (112/(-64) - -2) + 5 + 1451195/20.
5, 23, 631
Let z be (-3 - 0) + (-10)/(-1). Let m(r) = r**3 - 6*r**2 + r - 32. Let q be m(z). Suppose 19*y = q*y - 720. List the prime factors of